((-8)/6)/2 + 0). Let k = m - n. What is the highest common factor of 30 and k?
15
Let v = -30 - -64. Let l = v - 16. Let x = l - 5. What is the greatest common factor of 104 and x?
13
Suppose 5*x - 8*x = -21. Let m(g) = 4*g**3 + 3*g - 3. Suppose 2*r - h - 9 = 0, 0 = r + r + h + 1. Let d be m(r). What is the highest common divisor of d and x?
7
Let u(a) = 29*a**3 - a**2 - 5*a + 6. Let f be u(2). What is the greatest common divisor of f and 16?
16
Let r(g) = g + 1. Let q be r(-3). Let d be (12/(-2))/(q/3). Let y be (3 + (-558)/24)/(9/(-24)). Calculate the highest common factor of y and d.
9
Let x(n) = 3*n**3 - 6*n**2 + 4*n + 5. Let t = -20 - -24. Let v be x(t). What is the highest common divisor of 39 and v?
39
Let f be (-28)/(-3) - (340/(-15))/34. What is the highest common divisor of f and 2690?
10
Let m(c) = -c**2 - 13*c + 10. Suppose 7 - 22 = 5*x, -4*x = 3*d. Suppose -37 = d*f + 11. Let k be m(f). What is the greatest common factor of k and 242?
22
Let w be (-42)/(-4)*56/(-84). Let y(x) = -4*x - 13. Let q be y(w). Calculate the highest common divisor of 6 and q.
3
Let f be 10 + -3 - (-1758 + 1 + 4). What is the highest common factor of f and 40?
40
Suppose 4*p + 1729 = 11*p. What is the highest common divisor of p and 39?
13
Suppose g + 4*h = 25, -2*g + 4*g = -h + 57. Suppose g = 3*q + 17. What is the greatest common factor of 4 and q?
4
Suppose -2*c + 0*c = 88. Let j be c/(-2) - (-4 + 4). Let s be (-1 - (-24)/(-8)) + 59. What is the highest common divisor of j and s?
11
Let k = -2062 - -2086. Calculate the highest common divisor of 128 and k.
8
Let j(a) = 2*a + 20. Let c be j(0). Suppose -7*n = -9*n + c. What is the highest common divisor of n and 25?
5
Let i be 7/(-4) + 3/(-12). Let p be (-35 - i)/((-3)/18). Let a be (8/20*11)/((-5)/(-25)). Calculate the greatest common divisor of a and p.
22
Suppose 0 = 3*w - 25 - 2. Let n be -6 - (1 - -1)/(-2). Let x = w + n. Calculate the greatest common factor of x and 36.
4
Let l(m) = -4*m**3 - 5*m**2 + 2*m + 15. Let z be l(-3). Calculate the greatest common factor of z and 32.
8
Suppose u - 2*a = 4*u - 48, 0 = -3*a - 9. Calculate the greatest common factor of u and 450.
18
Suppose -6*x + 3*x + 990 = 0. Suppose -5*m = 50 - x. What is the greatest common factor of 7 and m?
7
Let t be (-12 - 0)*-2*2/16. Let y be (t + -5)/(5/(-20)). Calculate the highest common divisor of 104 and y.
8
Let p(u) = -9*u - 2. Suppose i = 6*i + 3*y + 8, 0 = 3*i - 4*y - 1. Let z be p(i). Calculate the greatest common factor of z and 63.
7
Suppose -c + 4*c - 3*j = 39, 3*c - 4*j = 38. Calculate the greatest common divisor of 8 and c.
2
Let o = 17 - 12. Suppose -2*x + 48 = o*a, -a - 30 = -4*x + 88. What is the greatest common divisor of x and 87?
29
Let s = 33 - 18. Suppose -5*j + s = 0, j - 3*j = -3*w + 24. Calculate the highest common divisor of 25 and w.
5
Let t = 174 - 86. Suppose t = u + 4*c, 0 = 8*u - 4*u + 2*c - 324. What is the highest common factor of u and 60?
20
Let a(t) = 5*t + 1. Let v be a(-6). Let b = v + 49. Let l = -17 + b. What is the greatest common factor of 6 and l?
3
Let q = -19 + 17. Let p be (-1 - q)/((-10)/(-180)). Suppose 4*a - p = 22. What is the greatest common divisor of 70 and a?
10
Let o = 69 + 27. Let t(m) = -m**2 + 9*m + 4. Let b be t(8). What is the highest common factor of b and o?
12
Let l = -2119 - -2131. Calculate the greatest common factor of 492 and l.
12
Suppose 0 = -7*q - 17*q + 864. Calculate the highest common factor of 28 and q.
4
Let o(t) = -2*t + 26. Let m be o(10). Suppose -3*b - 3*c = -45, -2*b = 2*b + c - 48. Let p = m + b. Calculate the greatest common factor of 17 and p.
17
Suppose 0 = 988*j - 957*j - 1550. Let p be 2 + (1*124 - 1). Calculate the greatest common factor of p and j.
25
Let n(o) = 25*o - 397. Let k be n(26). Calculate the highest common factor of k and 99.
11
Let c(m) = -5*m**2 - 56*m - 41. Let h be c(-9). Calculate the highest common divisor of h and 14.
2
Let g(y) be the second derivative of -y**4/12 + 7*y**3/6 + 6*y**2 - 17*y. Let s be g(7). Calculate the highest common divisor of s and 60.
12
Suppose -3*c + 480 = 2*a, -3*c - 377 - 103 = -2*a. Calculate the highest common divisor of 816 and a.
48
Suppose 0*x = -3*x + 3*y + 6, -2*x - 4*y - 20 = 0. Let k be x/(-2) + 7 + -5. Suppose k*l + 0*l = 66. What is the highest common divisor of 55 and l?
11
Let l = -11 - -3. Let h be l/36 - 20/(-9). Let y = 25 + -23. What is the greatest common factor of h and y?
2
Let c be 77*(106/(-14) - -9). What is the greatest common divisor of c and 70?
10
Let j = 159 - -36. What is the greatest common factor of j and 30?
15
Suppose 18*o - 608 = 15*o - 4*m, -811 = -4*o - 5*m. Calculate the greatest common divisor of o and 36.
12
Let z(l) = 4*l**2 - l - 1. Let t be z(-1). Let h = t - -1. Suppose f - h = 3. What is the greatest common divisor of 12 and f?
4
Let k(v) be the first derivative of -11*v**2/2 + v + 2. Let b = -34 + 33. Let j be k(b). Calculate the greatest common divisor of 8 and j.
4
Suppose 171*r = 162*r + 612. Calculate the highest common factor of r and 1156.
68
Let x = 538 - 532. Let i be 57 - -3*(-4 + 3). What is the highest common factor of x and i?
6
Let p(c) = -7*c + 1. Let k be p(1). Let s(g) = 28*g - 3. Let v be s(k). Let b = 288 + v. What is the greatest common divisor of b and 13?
13
Let z = -72 - -77. Let u be -1 + 11/9 + 352/36. Calculate the highest common factor of z and u.
5
Suppose -a - 10*a = 33. Let q be 45/(-30)*10/a. Calculate the highest common divisor of q and 40.
5
Suppose -2*w = -o, 0*o = 3*w + 5*o. Suppose w = c - 7*c. Let k(v) = -v**2 + 28. Let y be k(c). What is the highest common divisor of y and 196?
28
Let x = -42 + 49. Let w be 12/x + (-12)/(-42). Suppose v - 2 = 2*v, -2*v - 114 = -5*o. What is the highest common divisor of w and o?
2
Let s = 1666 + -1640. Calculate the greatest common divisor of s and 598.
26
Let l be 5 - (-161)/(-35) - 13029/(-15). What is the greatest common factor of l and 395?
79
Let u(o) = -147*o + 112. Let n be u(-2). Let m(v) = -v**3 - 8*v**2 + 3*v + 4. Let s be m(-9). What is the highest common divisor of s and n?
58
Suppose 0 = 4*i - 17*i + 104. What is the greatest common factor of i and 32?
8
Let j be 22/6 - (-2)/(-3). Suppose -u = -j*d + 71, -u = -3*d + 2*u + 63. Let y = -18327 + 18452. What is the greatest common factor of d and y?
25
Suppose 760 + 528 = -7*x. Let b be 1/(4/(x/(-2))). Calculate the highest common divisor of 253 and b.
23
Suppose -2*d - 533 = -1721. Calculate the greatest common factor of d and 495.
99
Let w = 26 + -56. Let i be (-1 - 2)/(w/1280). What is the highest common divisor of i and 8?
8
Suppose -3*k - 4*n - 24 = 0, -2*n + 18 - 4 = -5*k. Let d be k + (-612)/(-63) + 4/14. Calculate the greatest common factor of 54 and d.
6
Let k(a) = 4*a + 68. Let h be k(-16). What is the greatest common factor of h and 28?
4
Suppose -36*s = -3*s - 3696. Calculate the greatest common divisor of s and 304.
16
Let l(z) = 3*z + 1. Let s be l(-2). Let v(i) = -i**3 - 5*i**2 + 6*i + 8. Let r be v(s). Let m = r + 42. Calculate the highest common divisor of 8 and m.
4
Suppose -k = 2*k - 384. Suppose 0*q + q = 0. Suppose -b - 3*b + 64 = q. What is the greatest common factor of b and k?
16
Let o(p) = -p + 27. Let t be o(18). Let q be (350/(-42))/((-3)/t). What is the highest common factor of q and 20?
5
Let v(o) = -23*o + 257. Let s be v(-8). What is the highest common divisor of s and 9?
9
Suppose 5*d - 43 - 17 = 0. Suppose 5*l - 27 = -d. Calculate the highest common factor of 15 and l.
3
Suppose 8*y - 4*y - 1376 = -4*o, -5*y = -5*o + 1680. Calculate the highest common divisor of 68 and o.
68
Let b = 415 + -337. What is the highest common divisor of b and 6?
6
Let t(g) = -16 + 5*g + 12 - 10 + 17. Suppose 4*x - 8 - 4 = 0. Let l be t(x). Calculate the greatest common divisor of l and 198.
18
Let f(j) = j**2 + j - 2. Let m be f(4). Let l = 45 - 62. Let t = 10 - l. Calculate the greatest common divisor of m and t.
9
Suppose -11*o - y = -6*o - 70, -4*o + 37 = -3*y. Suppose -o*i - 114 = -19*i. Calculate the greatest common divisor of 133 and i.
19
Suppose t = 2*s - 7, -5*s - 3*t - 2 + 3 = 0. Suppose s*a + q - 288 = 0, -5*q = -3*a + 87 + 319. Let d = a + -79. What is the highest common divisor of d and 42?
21
Suppose